 3*s - 11. What are the prime factors of ((-3)/k)/(4/(-72))?
3
Let c(w) = 30*w - 221. List the prime factors of c(11).
109
Let q(r) be the third derivative of r**5/20 + 3*r**4/8 + r**3/6 + 3*r**2. List the prime factors of q(-6).
5, 11
Let p be (-112)/80 + 4/10. List the prime factors of (-2)/p - -1*(200 + -3).
199
Suppose -8*b = -4*b + 20, 4*b + 71 = 3*p. Suppose 4*f - p = 11. What are the prime factors of f?
7
Let v be 8/32 + 30/8. Let j = -16 - -10. List the prime factors of (v/j)/((-2)/36).
2, 3
Let h = -435 - -1280. List the prime factors of h.
5, 13
Suppose -4*v - 152 = 9*f - 12*f, 0 = -2*f - 4*v + 88. List the prime factors of f.
2, 3
Let u = 25 + -3. Suppose 0 = 3*h + 5*a - 3*a - 13, 4*h = -5*a + u. Suppose 37 - h = 2*t. What are the prime factors of t?
17
Let y(h) = 4*h + 6. Let r(b) = 5*b + 7. Let a(q) = 3*r(q) - 4*y(q). Let j be a(6). Let i = 20 + j. List the prime factors of i.
11
Let m be 1/(3/60*4). Suppose s - 232 = -3*l + l, 2*l = m*s + 244. Let i = -81 + l. List the prime factors of i.
2, 3
Let o(c) = -282*c - 341. What are the prime factors of o(-7)?
23, 71
Let k be 6/(-120)*4 - 5402/(-10). Suppose 6*r + k = 11*r. List the prime factors of r.
2, 3
Let q be 3/(-9)*-15 - 2. Suppose 24 = -2*k + q*k + 5*s, -5*k - s + 240 = 0. List the prime factors of k.
7
Let v(z) = 21*z**2 + 5*z - 26. List the prime factors of v(4).
2, 3, 5, 11
Let g(y) = y**3 + 6*y**2 + 2*y - 4. Let h be g(-5). Let r = h - 7. Let f(n) = 3*n**2 - 5*n + 9. What are the prime factors of f(r)?
37
Let t = -13 - 189. Let a = -119 - t. What are the prime factors of a?
83
Let g = -4256 - -7163. List the prime factors of g.
3, 17, 19
Let s = 3855 - 2544. List the prime factors of s.
3, 19, 23
Let q(t) = -t + 1. Suppose 12 = -4*n, 2*n - 29 = -m + 6*n. Let j = -24 + m. What are the prime factors of q(j)?
2
Suppose -q + 2*o = -598, -3*q = 7*o - 11*o - 1792. List the prime factors of q.
2, 149
Let z(s) = s**2. Let w be z(0). Suppose 2*h + h = w. Suppose -5*n + 0 + 20 = h. What are the prime factors of n?
2
Let m(g) = 2. Let f(w) = -w + 17. Let x(k) = 2*f(k) - 4*m(k). Let h be x(12). Suppose 3*y + 4*c = 99, -6*y + 3*c + 132 = -h*y. What are the prime factors of y?
3, 11
Suppose -33*q + 11*q + 14828 = 0. What are the prime factors of q?
2, 337
Suppose 0 = 2*h - 2 - 6. Suppose 3*d - 4*j = 38, 5*j - h - 26 = -4*d. List the prime factors of d - 0 - (-1)/(-1).
3
Suppose v = -5*c - 2*v - 24, 5*c + 3 = 4*v. Let i = 15 - 0. What are the prime factors of (-1)/c + 280/i?
19
Let k(w) = 2*w**3 - 6*w**2 + 3*w + 9. List the prime factors of k(3).
2, 3
Let j(f) = -15*f - 103. List the prime factors of j(-7).
2
Suppose -2*k - 3*k + 3 = 4*v, 4*k = -3*v + 3. Suppose -d + k*d = 0. Suppose -5*u + d*u + 200 = 0. List the prime factors of u.
2, 5
Let y(d) = 260*d + 2. Let s be y(-1). List the prime factors of (2/4)/((-3)/s).
43
Let y be (-6 - -2)*-1 + -5. What are the prime factors of (62 - -5)*y/(-1)?
67
Let u(a) = 9*a**2 + 21*a + 85. List the prime factors of u(9).
17, 59
Let k(j) = -13*j - 6. Let h be k(-3). Let y(i) = i**2 + 13*i + 21. Let b be y(-7). Let r = h - b. List the prime factors of r.
2, 3
List the prime factors of (7 - (-209)/(-33))/(6/23373).
7, 53
Suppose -40*q + 45*q - 5790 = 0. What are the prime factors of q?
2, 3, 193
Let l(j) = j**3 - j**2 - 8*j + 320. List the prime factors of l(0).
2, 5
Suppose 3*b - 5*z + 10*z = 25, -25 = 5*b - 5*z. Suppose -3*q + 5*h = -349, b = q - 0*q + 4*h - 122. What are the prime factors of q?
2, 59
Suppose 3*r - 5 = 8*r. Let q(d) = -2*d + d - 2*d + d - 16*d**3 - 2*d**2 - 1. What are the prime factors of q(r)?
3, 5
Let b = 54 - -160. List the prime factors of b.
2, 107
Let h = 671 - -2337. What are the prime factors of h?
2, 47
List the prime factors of ((-3)/(-2))/((-30)/(-22340)).
1117
Suppose -2*s + 4*w = -356, -4*w + 40 = -s + 214. Suppose u = -6*u + s. List the prime factors of u.
2, 13
Suppose s + s + 2 = 0. Let p be (-2 - s)/((-2)/100). Let o = p - 31. List the prime factors of o.
19
Let j(a) = 54*a**3 - a - 1. Let q be j(-1). Let d = 56 + q. What are the prime factors of d?
2
Suppose 198 = 4*s - 338. Let d = s + -67. List the prime factors of d.
67
Let k = 18 - 14. What are the prime factors of (-2 + k)/(4/50)?
5
Let c = -401 - -577. List the prime factors of c.
2, 11
Suppose -2*d = -3*d. Suppose d = 7*q - 629 + 48. What are the prime factors of q?
83
Let v(g) = -g**3 + 10*g**2 + 4*g - 5. Suppose k + 3 = -0*k. Let j be k/(6/4)*-5. List the prime factors of v(j).
5, 7
Let j = 7309 - 4363. What are the prime factors of j?
2, 3, 491
Let i(h) = 2*h**3 - 30*h**2 - 53*h - 9. What are the prime factors of i(22)?
3, 1867
Let h = 1999 - 1361. List the prime factors of h.
2, 11, 29
Let x = -72 + 71. Let w(o) = -68*o + 6. List the prime factors of w(x).
2, 37
Let s(w) = -50*w - 682. What are the prime factors of s(-34)?
2, 509
Suppose 3*y - 6*y = v - 108, -134 = -4*y + 2*v. Let j be (294/y)/(6/20). Suppose 4*o + 4*w = j, 3*o - 24 + 5 = -w. List the prime factors of o.
2, 3
Suppose -5*g - 11 = -131. Suppose -5*i = -21 - g. Suppose -5*h - 90 = -5*o, -2*h = -5*h - i. List the prime factors of o.
3, 5
Let x be (-1)/4 + 5*(-77)/(-4). Let s = x + 70. List the prime factors of s.
2, 83
Suppose 2*m - 9 = -u - 4*u, -2*u = 3*m - 8. Suppose 3*i - 6*i + 69 = 3*p, -5*p - 32 = -m*i. Let a = i - 5. What are the prime factors of a?
2
Let z be 861/(-12) + (-1)/4. Let u(o) = o**3 - 10*o**2 + 15*o - 22. Let h be u(8). Let m = h - z. List the prime factors of m.
2, 3, 7
Let j = 24 + -34. Let y = -50 - -38. Let k = j - y. List the prime factors of k.
2
Suppose v - 10078 = -3*a, -4*v + 2718 = 3*a - 7372. What are the prime factors of a?
2, 23, 73
Let o = 204 - 153. Let z be 3/(-4)*(1 - -19). Let d = o + z. What are the prime factors of d?
2, 3
Suppose i + 0*i - 208 = -k, 0 = -2*i - k + 414. What are the prime factors of i?
2, 103
Suppose y - 783 = -8*y. Let c = y + -11. List the prime factors of c.
2, 19
Let t(c) = -3*c - 1. Let q be t(-2). Suppose 2*y - 2*s + 18 = q*y, 0 = -2*y - s + 11. Suppose y*z + 58 = 182. List the prime factors of z.
31
Let k = -166 - -247. Let s = -66 + k. What are the prime factors of s?
3, 5
Let u(d) = d**2 + 8*d + 15. Let l(o) = o + 5. Let i be l(-11). Let b be u(i). Suppose -5*c + 58 = 3*y - 224, -258 = -5*c + b*y. What are the prime factors of c?
2, 3
Suppose 0 = -2*y + 3*x + 19, 0 = -x + 3 - 6. What are the prime factors of 28/(-154) - y*205/(-11)?
3, 31
Let l = -29 - -26. Let b = l + 8. Suppose 250 = b*i - 4*z, -155 = -2*i - 2*z - 55. What are the prime factors of i?
2, 5
Let g(p) = 3*p**2 - 7*p + 1. Let r = 53 + -58. List the prime factors of g(r).
3, 37
Let m = -12 - -15. Suppose 4 = q + 3, m*q + 17 = 5*p. Let c(o) = 3*o**2 - 4*o + 3. What are the prime factors of c(p)?
5, 7
Let v be (9 + -12)*(-16)/6. Suppose 3*r = -3*q - 0*r - 18, 5*r + 14 = 3*q. List the prime factors of q*(-4)/(-8) + v.
7
What are the prime factors of 1 + 0 - 750/(6 - 12)?
2, 3, 7
Let x(n) = -n**3 + 2*n**2 + n - 6. Let z(h) = -h**3 + 1. Let d(u) = -x(u) - 5*z(u). Let r be d(2). What are the prime factors of -2 - 7/((-7)/r)?
37
Suppose -9*g + 216 + 567 = 0. List the prime factors of g.
3, 29
Let n = 2946 + -1336. What are the prime factors of n?
2, 5, 7, 23
Let b(p) = p + 10. Let l(t) = 2*t + 2. Let m be l(-1). List the prime factors of b(m).
2, 5
Let u(a) = -155*a**2 + 1. Let l be u(-1). Let g = 228 + l. List the prime factors of g.
2, 37
Let h = -58 + 62. Suppose -149 = -t - 4*n, -h*t + 290 + 243 = -5*n. List the prime factors of t.
137
Let y(z) = 3*z + 2. Let k(m) = -3*m - 2. Let a(t) = 2*k(t) + 3*y(t). Let q be a(1). List the prime factors of (q - 7)*30/(-4).
3, 5
Let d(h) = h**3 + 9*h**2 + h + 15. Let n be d(-9). What are the prime factors of (4 - n - -169) + 3?
2, 5, 17
Let n = 0 - 0. List the prime factors of (1 + 12)*(n + 2).
2, 13
Let w(n) be the first derivative of -5*n**4/4 - 2*n**3/3 + n**2 + 2*n - 5. What are the prime factors of w(-2)?
2, 3, 5
Let q be (12/30)/((-2)/(-280)). Suppose -z + 21 = -q. Suppose 0 = -3*o - 11 + z. What are the prime factors of o?
2, 11
Suppose 3*z = 3*i + 8289, 687 = -z - i + 3458. What are the prime factors of z?
2767
Let n(l) = 2*l. Let p be ((-2)/(-6))/(4/48). Suppose p*x - 2*z - 22 - 18 = 0, 0 = 3*z + 6. What are the prim